-- https://www.phpmyadmin.net/
--

START TRANSACTION;



--
-- Database: `rahulpuridemo_alpha`
--

-- --------------------------------------------------------

--
-- Table structure for table `abouts`
--

CREATE TABLE `abouts` (
  `id` int UNSIGNED NOT NULL,
  `description1` text COLLATE utf8mb4_general_ci,
  `description` text COLLATE utf8mb4_general_ci NOT NULL,
  `image` varchar(255) COLLATE utf8mb4_general_ci DEFAULT NULL,
  `vision` text COLLATE utf8mb4_general_ci,
  `mission` text COLLATE utf8mb4_general_ci,
  `value` text COLLATE utf8mb4_general_ci,
  `created_at` timestamp NULL DEFAULT NULL,
  `updated_at` timestamp NULL DEFAULT NULL
) ENGINE=InnoDB DEFAULT CHARSET=utf8mb4 COLLATE=utf8mb4_general_ci;

--
-- Dumping data for table `abouts`
--

INSERT INTO `abouts` (`id`, `description1`, `description`, `image`, `vision`, `mission`, `value`, `created_at`, `updated_at`) VALUES
(1, '<blockquote><p>At Alpha Tech, we specialize in delivering innovative and reliable industrial solutions tailored to meet the diverse needs of modern industries. With a strong focus on quality, performance, and customer satisfaction, we provide a wide range of high-precision machines and engineering products designed to improve efficiency and ensure long-term reliability. Backed by advanced technology, experienced professionals, and a commitment to excellence, Alpha Tech continues to build strong partnerships and deliver value-driven solutions across manufacturing, automation, and infrastructure sectors. Our mission is to empower businesses through smart engineering and seamless integration of cutting-edge industrial systems.</p></blockquote>', '<p>Driven by Innovation, Defined by Quality</p>', '1752669261.jpg', 'vision', 'mission', 'value', '2025-05-21 01:16:12', '2025-07-16 07:04:21');

-- --------------------------------------------------------

--
-- Table structure for table `blogs`
--

CREATE TABLE `blogs` (
  `id` int UNSIGNED NOT NULL,
  `title` varchar(255) COLLATE utf8mb4_general_ci NOT NULL,
  `description` text COLLATE utf8mb4_general_ci NOT NULL,
  `date` date NOT NULL,
  `image` varchar(255) COLLATE utf8mb4_general_ci DEFAULT NULL,
  `created_at` timestamp NULL DEFAULT NULL,
  `updated_at` timestamp NULL DEFAULT NULL
) ENGINE=InnoDB DEFAULT CHARSET=utf8mb4 COLLATE=utf8mb4_general_ci;

--
-- Dumping data for table `blogs`
--

INSERT INTO `blogs` (`id`, `title`, `description`, `date`, `image`, `created_at`, `updated_at`) VALUES
(3, 'Why Real Estate Is the Best Investment in India – Especially in Delhi NCR?', '<p>In a dynamic and rapidly growing economy like India, real estate stands tall as one of the most reliable and rewarding forms of investment. Nowhere is this more evident than in <strong>Delhi-NCR</strong>, a region that continues to thrive as an economic and infrastructure powerhouse.</p><h4>🔑 1. <strong>Tangible &amp; Secure Asset</strong></h4><p>Unlike stocks or mutual funds, real estate is a <strong>physical asset</strong>. It offers <strong>security, control, and long-term stability</strong>—perfect for conservative and growth-focused investors alike.</p><p>&nbsp;</p><h4>📈 2. <strong>Consistent Appreciation in Delhi-NCR</strong></h4><p>Property prices in areas like <strong>Gurgaon, Noida, Dwarka Expressway, and Greater Noida</strong> have shown steady appreciation, thanks to:</p><ul><li>Rapid infrastructure upgrades</li><li>Metro connectivity expansion</li><li>Proximity to business hubs and airports</li></ul><p>&nbsp;</p><h4>🏙 3. <strong>High Rental Yield Potential</strong></h4><p>With a large population of <strong>working professionals, students, and corporate tenants</strong>, Delhi-NCR offers:</p><ul><li>2–6% annual rental yield</li><li>Even higher returns in commercial leasing (co-working spaces, retail, etc.)</li></ul><p>&nbsp;</p><h4>🚧 4. <strong>Government-Driven Growth</strong></h4><p>Massive policy pushes are making real estate investment safer and more lucrative:</p><ul><li><strong>RERA Act</strong> ensures transparency and accountability</li><li><strong>Smart Cities Mission</strong>, <strong>PMAY</strong>, and <strong>infrastructure corridor projects</strong> like Delhi-Mumbai Expressway fuel growth</li></ul><p>&nbsp;</p><h4>🧾 5. <strong>Tax Benefits &amp; Leverage</strong></h4><ul><li>Home loans come with <strong>tax deductions on interest and principal</strong> under Sections 24 and 80C</li><li>Real estate allows <strong>leveraged investing</strong> (using EMIs), multiplying ROI over time</li></ul><p>&nbsp;</p><h4>🌆 6. <strong>Diversification Against Market Volatility</strong></h4><p>In volatile markets, real estate offers a <strong>hedge against inflation</strong> and stock market risks. It’s a <strong>low-correlation asset</strong> that balances any investment portfolio.</p><p>&nbsp;</p><h4>🧭 7. <strong>Emotional Value + Passive Income</strong></h4><p>Owning a property brings not just wealth, but peace of mind. Whether it\'s a <strong>second home, a rental flat, or a commercial space</strong>, it offers a dual benefit of <strong>capital gain + passive income</strong>.</p><p>&nbsp;</p><h4>📍 <strong>Why Delhi-NCR Specifically?</strong></h4><ul><li><strong>Hub of Fortune 500 companies</strong></li><li><strong>Upcoming airport in Jewar</strong>, Delhi-Mumbai Industrial Corridor</li><li>Huge migration inflow = rising housing demand</li><li>New sectors in <strong>Gurgaon (Sector 85–115)</strong> and <strong>Noida (Sector 150, 143)</strong> are booming</li></ul>', '2025-07-15', '1752572494.png', '2025-07-15 09:41:34', '2025-07-15 09:46:11');

-- --------------------------------------------------------

--
-- Table structure for table `clients`
--

CREATE TABLE `clients` (
  `id` int NOT NULL,
  `image` varchar(255) COLLATE utf8mb4_general_ci NOT NULL,
  `created_at` timestamp NULL DEFAULT NULL,
  `updated_at` timestamp NULL DEFAULT NULL
) ENGINE=InnoDB DEFAULT CHARSET=utf8mb4 COLLATE=utf8mb4_general_ci;

--
-- Dumping data for table `clients`
--

INSERT INTO `clients` (`id`, `image`, `created_at`, `updated_at`) VALUES
(2, '1748516825.png', '2025-05-29 05:37:05', '2025-05-29 05:37:05'),
(3, '1748516850.png', '2025-05-29 05:37:30', '2025-05-29 05:37:30');

-- --------------------------------------------------------

--
-- Table structure for table `contacts`
--

CREATE TABLE `contacts` (
  `id` int UNSIGNED NOT NULL,
  `address` text COLLATE utf8mb4_general_ci,
  `email` varchar(255) COLLATE utf8mb4_general_ci DEFAULT NULL,
  `phone` varchar(20) COLLATE utf8mb4_general_ci DEFAULT NULL,
  `phone1` varchar(20) COLLATE utf8mb4_general_ci DEFAULT NULL,
  `lname` text COLLATE utf8mb4_general_ci,
  `image` varchar(255) COLLATE utf8mb4_general_ci DEFAULT NULL,
  `address1` text COLLATE utf8mb4_general_ci,
  `address2` text COLLATE utf8mb4_general_ci,
  `address3` text COLLATE utf8mb4_general_ci,
  `link1` text COLLATE utf8mb4_general_ci,
  `link2` text COLLATE utf8mb4_general_ci,
  `link3` text COLLATE utf8mb4_general_ci,
  `facebook` text COLLATE utf8mb4_general_ci,
  `instagram` text COLLATE utf8mb4_general_ci,
  `twitter` text COLLATE utf8mb4_general_ci,
  `linkdin` text COLLATE utf8mb4_general_ci,
  `created_at` timestamp NULL DEFAULT NULL,
  `updated_at` timestamp NULL DEFAULT NULL
) ENGINE=InnoDB DEFAULT CHARSET=utf8mb4 COLLATE=utf8mb4_general_ci;

--
-- Dumping data for table `contacts`
--

INSERT INTO `contacts` (`id`, `address`, `email`, `phone`, `phone1`, `lname`, `image`, `address1`, `address2`, `address3`, `link1`, `link2`, `link3`, `facebook`, `instagram`, `twitter`, `linkdin`, `created_at`, `updated_at`) VALUES
(2, 'Register office - 379, Mukand Nagar Ghaziabad Uttar Pradesh (India)', 'alpha.tech379@gmail.com', '9899289644', NULL, NULL, '1752647612.png', NULL, NULL, 'xyz3', NULL, 'kkk', 'mmm', 'facebook', 'instagram', 'twitter', 'linkdin', '2025-05-21 07:01:24', '2025-07-16 01:13:13');

-- --------------------------------------------------------

--
-- Table structure for table `failed_jobs`
--

CREATE TABLE `failed_jobs` (
  `id` bigint UNSIGNED NOT NULL,
  `uuid` varchar(255) COLLATE utf8mb4_unicode_ci NOT NULL,
  `connection` text COLLATE utf8mb4_unicode_ci NOT NULL,
  `queue` text COLLATE utf8mb4_unicode_ci NOT NULL,
  `payload` longtext COLLATE utf8mb4_unicode_ci NOT NULL,
  `exception` longtext COLLATE utf8mb4_unicode_ci NOT NULL,
  `failed_at` timestamp NOT NULL DEFAULT CURRENT_TIMESTAMP
) ENGINE=InnoDB DEFAULT CHARSET=utf8mb4 COLLATE=utf8mb4_unicode_ci;

-- --------------------------------------------------------

--
-- Table structure for table `faqs`
--

CREATE TABLE `faqs` (
  `id` int UNSIGNED NOT NULL,
  `title` varchar(255) COLLATE utf8mb4_general_ci DEFAULT NULL,
  `image` varchar(255) COLLATE utf8mb4_general_ci NOT NULL,
  `description` text COLLATE utf8mb4_general_ci,
  `created_at` timestamp NULL DEFAULT NULL,
  `updated_at` timestamp NULL DEFAULT NULL
) ENGINE=InnoDB DEFAULT CHARSET=utf8mb4 COLLATE=utf8mb4_general_ci;

--
-- Dumping data for table `faqs`
--

INSERT INTO `faqs` (`id`, `title`, `image`, `description`, `created_at`, `updated_at`) VALUES
(4, NULL, '1752660338.jpg', NULL, '2025-07-16 04:34:50', '2025-07-16 04:35:38'),
(5, NULL, '1752660305.jpg', NULL, '2025-07-16 04:35:05', '2025-07-16 04:35:05');

-- --------------------------------------------------------

--
-- Table structure for table `industries`
--

CREATE TABLE `industries` (
  `id` int UNSIGNED NOT NULL,
  `title` varchar(255) COLLATE utf8mb4_general_ci NOT NULL,
  `description` text COLLATE utf8mb4_general_ci NOT NULL,
  `image` varchar(255) COLLATE utf8mb4_general_ci DEFAULT NULL,
  `slug` varchar(255) COLLATE utf8mb4_general_ci DEFAULT NULL,
  `type` varchar(400) COLLATE utf8mb4_general_ci DEFAULT NULL,
  `description1` text COLLATE utf8mb4_general_ci,
  `description2` text COLLATE utf8mb4_general_ci,
  `description3` text COLLATE utf8mb4_general_ci,
  `description4` text COLLATE utf8mb4_general_ci,
  `created_at` timestamp NULL DEFAULT NULL,
  `updated_at` timestamp NULL DEFAULT NULL
) ENGINE=InnoDB DEFAULT CHARSET=utf8mb4 COLLATE=utf8mb4_general_ci;

--
-- Dumping data for table `industries`
--

INSERT INTO `industries` (`id`, `title`, `description`, `image`, `slug`, `type`, `description1`, `description2`, `description3`, `description4`, `created_at`, `updated_at`) VALUES
(4, 'Jade County', '<p>&nbsp;</p><p>&nbsp;</p><ul><li><strong>3 BHK Apartment</strong> – 2358 Sq. Ft. – ₹2.59 Cr</li><li><strong>4 BHK Apartment</strong> – 2898 Sq. Ft. – ₹3.19 Cr</li><li><strong>4 BHK Apartment</strong> – 3555 Sq. Ft. – ₹3.91 Cr</li><li><strong>5 BHK Apartment</strong> – 5094 Sq. Ft. – ₹5.60 Cr</li></ul>', '1752573034.jpg', 'JadeCounty', 'new', '<ul><li>Master Bedroom: Oil Bound Distemper walls, Laminated Wooden flooring, VRV AC fittings</li><li>Other Bedrooms: Oil Bound Distemper walls, Laminated Wooden flooring</li><li>Living Area: Italian/Imported Marble flooring, False ceiling</li><li>Kitchen: Equipped with Hob and Chimney</li><li>Bathroom: Geyser, Premium Bath Fittings, Exhaust Fan</li><li>Structure: RCC Frame Structure</li></ul>', '<ul><li><strong>Location &amp; Project Scale</strong></li></ul><ol><li>Set along the Delhi–Meerut Expressway/NH‑24 within the integrated township of Wave City, Ghaziabad&nbsp;</li><li>Spread over approximately <strong>13.3 acres</strong>, featuring <strong>9 high-rise towers</strong> (27–31 floors) with about <strong>1,000–1,014 premium residences</strong> .</li></ol>', '<ul><li><strong>Connectivity &amp; Surroundings</strong></li></ul><ol><li>Excellent access: NH‑24 (Delhi–Meerut Expressway), Eastern Peripheral Expressway, Hindon Airport, and upcoming Wave City metro</li><li>Close to schools (GD Goenka, DPS), hospitals (Columbia Asia, Yashoda), shopping malls (Shipra Mall, Galleria), and commercial hubs (Noida sectors)&nbsp;</li></ol>', '<p>✅ 1. <strong>Premium Lifestyle in a Green Township</strong></p><p>IGBC Gold-rated project with 80% open spaces, landscaped gardens, and luxury amenities like a 55,000 sq. ft. clubhouse and cascading swimming pools.</p><p>✅ 2. <strong>Strategic Expressway Location</strong></p><p>Located on NH‑24 (Delhi–Meerut Expressway) with excellent connectivity to Noida, Delhi, and the upcoming Wave City metro – ideal for both living and investment.</p><p>✅ 3. <strong>Trusted Developer with Record Sales</strong></p><p>Backed by County Group, with Phase I sold out in just 7 days (₹1,600 Cr pre-sales) – a mark of strong market trust and future value appreciation.</p>', '2025-07-15 09:50:34', '2025-07-15 09:56:19');

-- --------------------------------------------------------

--
-- Table structure for table `migrations`
--

CREATE TABLE `migrations` (
  `id` int UNSIGNED NOT NULL,
  `migration` varchar(255) COLLATE utf8mb4_unicode_ci NOT NULL,
  `batch` int NOT NULL
) ENGINE=InnoDB DEFAULT CHARSET=utf8mb4 COLLATE=utf8mb4_unicode_ci;

--
-- Dumping data for table `migrations`
--

INSERT INTO `migrations` (`id`, `migration`, `batch`) VALUES
(1, '2014_10_12_000000_create_users_table', 1),
(2, '2014_10_12_100000_create_password_reset_tokens_table', 1),
(3, '2019_08_19_000000_create_failed_jobs_table', 1),
(4, '2019_12_14_000001_create_personal_access_tokens_table', 1);

-- --------------------------------------------------------

--
-- Table structure for table `products`
--

CREATE TABLE `products` (
  `id` int UNSIGNED NOT NULL,
  `title` varchar(255) COLLATE utf8mb4_general_ci NOT NULL,
  `slug` varchar(200) COLLATE utf8mb4_general_ci DEFAULT NULL,
  `description` text COLLATE utf8mb4_general_ci,
  `image` varchar(200) COLLATE utf8mb4_general_ci DEFAULT NULL,
  `description1` text COLLATE utf8mb4_general_ci,
  `description2` text COLLATE utf8mb4_general_ci,
  `created_at` timestamp NULL DEFAULT NULL,
  `updated_at` timestamp NULL DEFAULT NULL
) ENGINE=InnoDB DEFAULT CHARSET=utf8mb4 COLLATE=utf8mb4_general_ci;

--
-- Dumping data for table `products`
--

INSERT INTO `products` (`id`, `title`, `slug`, `description`, `image`, `description1`, `description2`, `created_at`, `updated_at`) VALUES
(9, 'Vertical Balancing Machine', 'vertical-balancing-machine', '<p>The balancing machine is a new and widely-used device which has been developed in recent years. It is mainly applied to balance all kinds of brake discs, such as fan blades, brake drums, clutches, belt pulleys, pump impellers, flywheels, and more.</p><p>Our Vertical Balancing Machines are designed for precision and efficiency across varying capacities. From 3Kg to 50Kg, each model offers advanced balancing with optimal diameter ranges. Ideal for industrial applications, these machines ensure accurate results and smooth operation. Choose the right model to meet your production needs effortlessly.</p>', '1752645503.jpg', '<p>Vertical Balancing Machines are essential for ensuring stability and performance in rotating components. Our models are built to support a wide range of industrial parts, including brake drums, impellers, pulleys, flywheels, and fan blades. With load capacities ranging from 3Kg to 50Kg and diameter flexibility from 70mm to 450mm, these machines deliver exceptional accuracy and smooth operation. Designed for both reliability and ease of use, each unit helps reduce vibration, extend component life, and improve safety standards. Ideal for workshops, OEMs, and manufacturing units, our machines are a smart investment for quality-conscious businesses seeking long-term efficiency and precision.</p>', NULL, '2025-07-16 00:28:23', '2025-07-16 00:28:23'),
(11, 'Horizontal Two Plane Balancing Machine', 'horizontal-two-plane-balancing-machine', '<p>ALPHA can gives you standard horizontal balancing machine Hard-bearing design ensures quick change-over from one rotor to the next.</p><p>Universal balancing machines series DPH are designed for accurate balancing of a wide spectrum of rotors. They are suitable for balancing cylindrical rotors with integral shaft journals and for balancing disc.</p><p>Hard-bearing design ensures quick change-over from one rotor to the next. Balancing to extremely high accuracy as per requirement</p>', '1752668203.jpg', '<p>The Horizontal Two Plane Balancing Machine ensures accurate balancing of rotating parts in two planes, reducing vibration and enhancing performance. Ideal for rotors and shafts, it offers easy operation, precise measurement, and improved machinery longevity. Perfect for industrial applications requiring high precision and stability in dynamic components.</p>', NULL, '2025-07-16 06:46:43', '2025-07-16 06:53:02'),
(12, 'Horizontal Balancing Machine', 'horizontal-balancing-machine', '<p>Manual loading of the rotor on the bearing pedestals, closing of counter bearings and coupling the drive system (belt or universal joint shaft)</p><p>Closing of protection device and start of the automatic measuring sequence.</p><p>Acceleration, determination and display of unbalance on the measuring instrument, deceleration. The measured unbalance values are retained after the measuring run is completed.</p><p>Opening of the protection device, manual unbalance correction (if necessary)</p><p>Verification of residual unbalance (measuring unit indicates whether the required tolerance has been reached) and unloading of the rotor from the machine.</p>', '1752752118.jpg', '<p>Our Horizontal Balancing Machine Range is designed for precise and efficient balancing of symmetrical rotors across a wide variety of sizes and weights. With models ranging from DPH-0.2 to DPH-30.0, these machines accommodate rotors from 25 kg up to 4500 kg. Each model features robust construction, high accuracy, and advanced journal diameter support for industrial applications. Extended facilities and bed rail customizations make them suitable for both standard and oversized components. Easy-to-use controls and adjustable pedestals ensure maximum operational flexibility. Click the View button in each row to explore detailed specifications and choose the model that best suits your needs.</p>', NULL, '2025-07-16 06:56:46', '2025-07-17 11:35:18');

-- --------------------------------------------------------

--
-- Table structure for table `sliders`
--

CREATE TABLE `sliders` (
  `id` int NOT NULL,
  `title` varchar(255) COLLATE utf8mb4_general_ci DEFAULT NULL,
  `description` text COLLATE utf8mb4_general_ci,
  `image` varchar(255) COLLATE utf8mb4_general_ci NOT NULL,
  `created_at` timestamp NULL DEFAULT NULL,
  `updated_at` timestamp NULL DEFAULT NULL
) ENGINE=InnoDB DEFAULT CHARSET=utf8mb4 COLLATE=utf8mb4_general_ci;

--
-- Dumping data for table `sliders`
--

INSERT INTO `sliders` (`id`, `title`, `description`, `image`, `created_at`, `updated_at`) VALUES
(10, 'Welcome to Alpha Tech Balancing', 'Alpha Tech delivers innovative industrial solutions built for performance, reliability, and future-ready growth. Discover smarter engineering for every sector.', '1752581332.jpg', '2025-07-15 06:38:52', '2025-07-16 07:06:19');

-- --------------------------------------------------------

--
-- Table structure for table `sub_products`
--

CREATE TABLE `sub_products` (
  `id` int UNSIGNED NOT NULL,
  `title` varchar(255) COLLATE utf8mb4_general_ci NOT NULL,
  `description` text COLLATE utf8mb4_general_ci,
  `pack` varchar(100) COLLATE utf8mb4_general_ci DEFAULT NULL,
  `mrp` varchar(255) COLLATE utf8mb4_general_ci DEFAULT NULL,
  `slug` varchar(255) COLLATE utf8mb4_general_ci DEFAULT NULL,
  `product_id` int UNSIGNED NOT NULL,
  `image` varchar(255) COLLATE utf8mb4_general_ci DEFAULT NULL,
  `type` varchar(400) COLLATE utf8mb4_general_ci DEFAULT NULL,
  `mrp1` varchar(255) COLLATE utf8mb4_general_ci DEFAULT NULL,
  `date` date DEFAULT NULL,
  `dimensions` text COLLATE utf8mb4_general_ci,
  `address` text COLLATE utf8mb4_general_ci,
  `facing` varchar(400) COLLATE utf8mb4_general_ci DEFAULT NULL,
  `detail` text COLLATE utf8mb4_general_ci,
  `trend` text COLLATE utf8mb4_general_ci,
  `locality` text COLLATE utf8mb4_general_ci,
  `recommendation` text COLLATE utf8mb4_general_ci,
  `created_at` timestamp NULL DEFAULT NULL,
  `updated_at` timestamp NULL DEFAULT NULL
) ENGINE=InnoDB DEFAULT CHARSET=utf8mb4 COLLATE=utf8mb4_general_ci;

--
-- Dumping data for table `sub_products`
--

INSERT INTO `sub_products` (`id`, `title`, `description`, `pack`, `mrp`, `slug`, `product_id`, `image`, `type`, `mrp1`, `date`, `dimensions`, `address`, `facing`, `detail`, `trend`, `locality`, `recommendation`, `created_at`, `updated_at`) VALUES
(19, 'SPV-1S', '<p>The SPV-1S is a state-of-the-art industrial solution designed to meet the evolving demands of modern industries. Built with advanced engineering and high-grade materials, it ensures exceptional durability, precision, and performance in even the most challenging environments. Whether used in manufacturing, energy, infrastructure, or automation systems, the SPV-1S seamlessly integrates into operations, enhancing productivity and reducing downtime. Its compact design, low maintenance requirements, and energy efficiency make it a cost-effective choice for long-term use. Backed by Alpha Tech’s commitment to innovation and quality, the SPV-1S is the trusted solution for businesses seeking reliability, scalability, and consistent high-level performance.</p>', '3Kg.', '70mm', 'spv-1s', 9, '1752752372.jpg', NULL, '250mm', NULL, NULL, NULL, NULL, '<p>The SPV-1S is a cutting-edge industrial solution engineered for superior performance, reliability, and precision. Ideal for high-demand environments, it offers advanced features, long-lasting durability, and seamless integration into existing systems. Whether in manufacturing or infrastructure, the SPV-1S delivers consistent results that enhance productivity and operational efficiency.</p>', NULL, NULL, NULL, '2025-07-16 03:24:36', '2025-07-17 11:39:32'),
(20, 'SPV-2S', '<p>The SPV-2S is a next-generation industrial solution from Alpha Tech, engineered to deliver exceptional performance, precision, and durability. Designed for high-efficiency applications, it features robust construction, enhanced control systems, and seamless compatibility with a variety of industrial setups. Whether deployed in automation, energy, or manufacturing environments, the SPV-2S improves operational reliability while minimizing downtime and maintenance costs. Its compact footprint, energy-efficient design, and advanced safety features make it an ideal choice for modern industries seeking to upgrade their systems. With Alpha Tech’s trusted innovation, the SPV-2S empowers businesses to achieve greater productivity and performance across every phase of operation.</p>', '10Kg.', '120mm', 'spv-2s', 9, '1752752499.jpg', NULL, '350mm', NULL, NULL, NULL, NULL, '<blockquote><p>Alpha Tech’s SPV-2S is a powerful, precision-engineered solution built for demanding industrial environments. Offering high efficiency, low maintenance, and superior reliability, it enhances productivity while reducing operational costs. Ideal for automation, energy, and manufacturing systems, the SPV-2S sets a new standard in industrial performance and innovation.</p></blockquote>', NULL, NULL, NULL, '2025-07-16 03:31:21', '2025-07-17 11:41:39'),
(22, 'SPV-3S', '<blockquote><p>The SPV-3S is Alpha Tech’s advanced industrial solution, designed for maximum performance, precision, and resilience in high-demand environments. Built with the latest technology, it offers enhanced efficiency, intelligent control systems, and seamless integration with existing industrial processes. Ideal for automation, energy, and heavy-duty applications, the SPV-3S reduces downtime, optimizes operations, and ensures long-term reliability. Its compact and durable design, along with low maintenance needs, makes it a cost-effective choice for growing industries. Whether in large-scale manufacturing or infrastructure, the SPV-3S empowers businesses to streamline operations and scale with confidence, backed by Alpha Tech’s innovation and industry-leading engineering excellence.</p></blockquote>', '30Kg.', '120mm', 'spv-3s', 9, '1752752582.jpg', NULL, '350mm', NULL, NULL, NULL, NULL, '<p>SPV-3S by Alpha Tech is a high-performance industrial solution built for precision and durability. Perfect for demanding environments, it boosts operational efficiency, reduces downtime, and supports seamless system integration. With smart control features and rugged design, SPV-3S ensures reliable performance across various industrial and automation applications.</p>', NULL, NULL, NULL, '2025-07-16 06:37:06', '2025-07-17 11:43:02'),
(23, 'SPV-5S', '<p>The SPV-5S from Alpha Tech is a powerful and intelligent industrial solution engineered for extreme reliability, advanced control, and high efficiency. Designed to perform flawlessly in demanding operational environments, it features state-of-the-art components, energy-saving technology, and adaptive performance tuning. Ideal for industries like manufacturing, automation, and energy systems, the SPV-5S delivers consistent output while minimizing maintenance and operational costs. Its compact design ensures space efficiency, while robust construction guarantees long-term durability. Whether you’re upgrading your existing infrastructure or setting up a new system, the SPV-5S provides unmatched flexibility, scalability, and performance, making it a trusted choice across industries.</p>', '50Kg.', '150mm', 'spv-5s', 9, '1752752657.jpg', NULL, '450mm', NULL, NULL, NULL, NULL, '<p>Alpha Tech’s SPV-5S is a high-efficiency industrial unit built for reliability and intelligent performance. Designed for tough environments, it offers energy savings, minimal maintenance, and seamless integration. Whether in automation, manufacturing, or infrastructure, the SPV-5S delivers powerful results with lasting durability and advanced operational control.</p>', NULL, NULL, NULL, '2025-07-16 06:40:11', '2025-07-17 11:44:17'),
(24, 'Maximum weight of symmetrical rotor', '<p>Our advanced balancing machine is engineered to handle symmetrical rotors with a maximum weight capacity of up to 100 kg. This robust design ensures excellent performance and stability during high-speed operations, making it ideal for medium to large-scale industrial components. The machine offers precise balancing capabilities, reducing vibration and enhancing the overall efficiency and lifespan of rotating parts. It is suitable for a variety of sectors including automotive, aerospace, electric motors, and heavy machinery manufacturing. With user-friendly controls and durable construction, this machine guarantees accurate results, improved safety, and consistent productivity in demanding industrial environments.</p>', '50kg', '160mm', 'maximum-weight-of-symmetrical-rotor', 12, '1752748210.jpg', NULL, '400mm', NULL, NULL, NULL, NULL, '<p>The machine supports symmetrical rotors with a maximum weight capacity of 100 kg, ensuring precise balancing for medium-sized industrial components. Designed for durability and efficiency, it accommodates various rotor designs while maintaining accuracy. Ideal for automotive, aerospace, and mechanical industries requiring high-speed, high-precision balancing with reliable performance and safety.</p>', NULL, NULL, NULL, '2025-07-17 10:30:10', '2025-07-17 10:30:10'),
(25, 'Maximum Diameter over Bed rail', '<p>Our balancing machine supports a maximum diameter over the bed rail of up to 1000 mm, making it ideal for handling large and heavy rotors with ease. This capacity enables the machine to accommodate a wide range of components such as fans, rotors, impellers, and other cylindrical parts used in industries like automotive, aerospace, and manufacturing. The bed rail design ensures strong support and accurate alignment, reducing operational vibration and improving balance precision. With a sturdy frame and reliable construction, the machine guarantees durability, ease of use, and high performance even in demanding industrial environments.</p>', '400kg', '650mm', 'maximum-diameter-over-bed-rail', 12, '1752748558.jpg', NULL, '850mm', NULL, NULL, NULL, NULL, '<p>This machine supports a maximum diameter over the bed rail of 1000 mm, making it ideal for large rotors and cylindrical parts. It ensures precise alignment, reduces vibration, and offers excellent balance accuracy. The robust construction guarantees reliability and performance across industrial applications, from automotive to heavy machinery.</p>', NULL, NULL, NULL, '2025-07-17 10:35:58', '2025-07-17 10:35:58'),
(26, 'Journal diameter range Extended facility up to', '<p>Our balancing machine offers an extended journal diameter range facility, accommodating shafts and rotors with various diameters up to 200 mm (customizable as per requirement). This feature enhances the machine’s versatility, allowing it to handle a broader range of rotor types, including those with larger or specialized journals. The self-aligning bearing supports and adaptable fixtures ensure secure clamping, reduced vibration, and precise balancing even at high speeds. This extended capability is especially beneficial for industries like automotive, electric motor manufacturing, and heavy equipment servicing, where diverse rotor sizes are common. It ensures flexibility, precision, and long-term reliability in operations.</p>', '80kg', '100mm', 'journal-diameter-range', 12, '1752748776.jpg', NULL, '140mm', NULL, NULL, NULL, NULL, '<p>The machine provides an extended journal diameter range facility up to 200 mm, ideal for balancing various rotor sizes. Its flexible bearing supports and clamping systems ensure accuracy and stability, making it suitable for applications in automotive, industrial, and electric motor sectors that require handling of both standard and oversized shafts.</p>', NULL, NULL, NULL, '2025-07-17 10:39:36', '2025-07-17 10:39:36'),
(27, 'Standard Bed Rail Length Extension Bed Rail', '<p>Our balancing machines come with a standard bed rail length that provides ample space to accommodate a wide variety of rotor sizes commonly used across industries. For handling longer rotors, an <strong>extension bed rail</strong> option is available, enabling easy upgrades without replacing the existing system. This modular design enhances operational flexibility and scalability, making it ideal for workshops dealing with both standard and oversized rotors. Precision alignment and heavy-duty construction ensure vibration-free operation even with extended configurations. The combination of a standard and extension bed rail setup allows users to meet diverse balancing needs efficiently, with reliable performance and minimum downtime.</p>', '600kg', '600mm', 'standard-bed-rail', 12, '1752748991.jpg', NULL, '1200mm', NULL, NULL, NULL, NULL, '<p>The machine includes a standard bed rail length suitable for most rotors. An optional extension bed rail increases capacity for longer components, providing enhanced versatility. This modular setup ensures smooth performance, accurate balancing, and scalability for workshops handling a wide range of rotor lengths.</p>', NULL, NULL, NULL, '2025-07-17 10:43:11', '2025-07-17 10:43:11'),
(28, 'Distance Between Pedestals(Minimum)', '<p>The <strong>minimum distance between pedestals</strong> defines the shortest rotor length the machine can support. Our balancing machines are engineered to handle small components efficiently by minimizing the pedestal spacing without compromising stability. This configuration is ideal for compact rotors or parts requiring close support. The robust design ensures precise alignment and minimal vibration, even at reduced spacing. Easy pedestal adjustability allows operators to quickly configure the setup based on rotor dimensions. Whether used for lightweight fans or precision parts, the minimum pedestal distance offers enhanced adaptability, making the machine suitable for a wider range of balancing applications in industrial environments.</p>', '20kg', '20mm', 'distance-between-pedestals', 12, '1752749289.jpg', NULL, '25mm', NULL, NULL, NULL, NULL, '<p>The machine supports a minimum distance between pedestals, allowing for precise balancing of small and compact rotors. This close spacing ensures stability and accuracy while offering flexibility in setup for varied rotor sizes. It\'s ideal for balancing lightweight or short-length components with precision and ease.</p>', NULL, NULL, NULL, '2025-07-17 10:48:09', '2025-07-17 10:48:09'),
(29, 'Drive Power', '<p><strong>Drive power</strong> is a crucial aspect of balancing machines, determining the energy delivered to rotate the rotor during balancing. Our machines are equipped with high-efficiency drive systems that offer consistent torque and variable speed control. This ensures smooth rotation across different rotor weights and sizes. The powerful motor enhances accuracy, reduces cycle time, and supports both light and heavy rotors. Built for durability, the drive system operates with minimal noise and vibration. With options to customize the drive power based on application needs, our machines ensure optimal performance in industrial balancing processes, maintaining precision and reliability throughout the operation.</p>', '10kg', '23mm', 'drive-power', 12, '1752749623.jpg', NULL, '30mm', NULL, NULL, NULL, NULL, '<p>Drive power controls the rotor’s motion during balancing. Our machines feature powerful, efficient motors that ensure smooth rotation with accurate speed control. Whether for light or heavy rotors, the drive system provides stable and quiet operation, improving precision, reducing balancing time, and supporting a wide range of applications.</p>', NULL, NULL, NULL, '2025-07-17 10:53:43', '2025-07-17 10:53:43');

-- --------------------------------------------------------

--
-- Table structure for table `testimonials`
--

CREATE TABLE `testimonials` (
  `id` int NOT NULL,
  `name` varchar(255) COLLATE utf8mb4_general_ci NOT NULL,
  `department` varchar(255) COLLATE utf8mb4_general_ci DEFAULT NULL,
  `description` text COLLATE utf8mb4_general_ci,
  `created_at` timestamp NULL DEFAULT NULL,
  `updated_at` timestamp NULL DEFAULT NULL
) ENGINE=InnoDB DEFAULT CHARSET=utf8mb4 COLLATE=utf8mb4_general_ci;

--
-- Dumping data for table `testimonials`
--

INSERT INTO `testimonials` (`id`, `name`, `department`, `description`, `created_at`, `updated_at`) VALUES
(12, 'Technology', 'Electronic', 'hi', '2025-07-15 07:33:01', '2025-07-15 07:33:01'),
(13, 'sdfg', 'Technology', 'hello', '2025-07-15 07:33:23', '2025-07-15 07:33:23');

--
-- Indexes for dumped tables
--

--
-- Indexes for table `abouts`
--
ALTER TABLE `abouts`
  ADD PRIMARY KEY (`id`);

--
-- Indexes for table `blogs`
--
ALTER TABLE `blogs`
  ADD PRIMARY KEY (`id`),
  ADD UNIQUE KEY `title` (`title`);

--
-- Indexes for table `clients`
--
ALTER TABLE `clients`
  ADD PRIMARY KEY (`id`);

--
-- Indexes for table `contacts`
--
ALTER TABLE `contacts`
  ADD PRIMARY KEY (`id`);

--
-- Indexes for table `failed_jobs`
--
ALTER TABLE `failed_jobs`
  ADD PRIMARY KEY (`id`),
  ADD UNIQUE KEY `failed_jobs_uuid_unique` (`uuid`);

--
-- Indexes for table `faqs`
--
ALTER TABLE `faqs`
  ADD PRIMARY KEY (`id`);

--
-- Indexes for table `industries`
--
ALTER TABLE `industries`
  ADD PRIMARY KEY (`id`);

--
-- Indexes for table `migrations`
--
ALTER TABLE `migrations`
  ADD PRIMARY KEY (`id`);

--
-- Indexes for table `products`
--
ALTER TABLE `products`
  ADD PRIMARY KEY (`id`);

--
-- Indexes for table `sliders`
--
ALTER TABLE `sliders`
  ADD PRIMARY KEY (`id`);

--
-- Indexes for table `sub_products`
--
ALTER TABLE `sub_products`
  ADD PRIMARY KEY (`id`),
  ADD KEY `product_id` (`product_id`);

--
-- Indexes for table `testimonials`
--
ALTER TABLE `testimonials`
  ADD PRIMARY KEY (`id`);

--
-- AUTO_INCREMENT for dumped tables
--

--
-- AUTO_INCREMENT for table `abouts`
--
ALTER TABLE `abouts`
  MODIFY `id` int UNSIGNED NOT NULL AUTO_INCREMENT, AUTO_INCREMENT=2;

--
-- AUTO_INCREMENT for table `blogs`
--
ALTER TABLE `blogs`
  MODIFY `id` int UNSIGNED NOT NULL AUTO_INCREMENT, AUTO_INCREMENT=4;

--
-- AUTO_INCREMENT for table `clients`
--
ALTER TABLE `clients`
  MODIFY `id` int NOT NULL AUTO_INCREMENT, AUTO_INCREMENT=4;

--
-- AUTO_INCREMENT for table `contacts`
--
ALTER TABLE `contacts`
  MODIFY `id` int UNSIGNED NOT NULL AUTO_INCREMENT, AUTO_INCREMENT=3;

--
-- AUTO_INCREMENT for table `failed_jobs`
--
ALTER TABLE `failed_jobs`
  MODIFY `id` bigint UNSIGNED NOT NULL AUTO_INCREMENT;

--
-- AUTO_INCREMENT for table `faqs`
--
ALTER TABLE `faqs`
  MODIFY `id` int UNSIGNED NOT NULL AUTO_INCREMENT, AUTO_INCREMENT=6;

--
-- AUTO_INCREMENT for table `industries`
--
ALTER TABLE `industries`
  MODIFY `id` int UNSIGNED NOT NULL AUTO_INCREMENT, AUTO_INCREMENT=5;

--
-- AUTO_INCREMENT for table `migrations`
--
ALTER TABLE `migrations`
  MODIFY `id` int UNSIGNED NOT NULL AUTO_INCREMENT, AUTO_INCREMENT=5;

--
-- AUTO_INCREMENT for table `products`
--
ALTER TABLE `products`
  MODIFY `id` int UNSIGNED NOT NULL AUTO_INCREMENT, AUTO_INCREMENT=13;

--
-- AUTO_INCREMENT for table `sliders`
--
ALTER TABLE `sliders`
  MODIFY `id` int NOT NULL AUTO_INCREMENT, AUTO_INCREMENT=11;

--
-- AUTO_INCREMENT for table `sub_products`
--
ALTER TABLE `sub_products`
  MODIFY `id` int UNSIGNED NOT NULL AUTO_INCREMENT, AUTO_INCREMENT=30;

--
-- AUTO_INCREMENT for table `testimonials`
--
ALTER TABLE `testimonials`
  MODIFY `id` int NOT NULL AUTO_INCREMENT, AUTO_INCREMENT=14;

--
-- Constraints for dumped tables
--

--
-- Constraints for table `sub_products`
--
ALTER TABLE `sub_products`
  ADD CONSTRAINT `sub_products_ibfk_1` FOREIGN KEY (`product_id`) REFERENCES `products` (`id`) ON DELETE CASCADE;
COMMIT;

